{"id":53,"date":"2024-01-15T13:23:54","date_gmt":"2024-01-15T16:23:54","guid":{"rendered":"https:\/\/cemaa.webhostusp.sti.usp.br\/?page_id=53"},"modified":"2025-01-29T17:29:31","modified_gmt":"2025-01-29T20:29:31","slug":"apresentacao","status":"publish","type":"page","link":"https:\/\/cemaa.webhostusp.sti.usp.br\/?page_id=53","title":{"rendered":"Apresenta\u00e7\u00e3o"},"content":{"rendered":"\t\t<div data-elementor-type=\"wp-page\" data-elementor-id=\"53\" class=\"elementor elementor-53\" data-elementor-post-type=\"page\">\n\t\t\t\t<div class=\"elementor-element elementor-element-8ce9ad9 e-con-full e-flex e-con e-parent\" data-id=\"8ce9ad9\" data-element_type=\"container\" data-settings=\"{&quot;background_background&quot;:&quot;classic&quot;,&quot;_ha_eqh_enable&quot;:false}\">\n\t\t<div class=\"elementor-element elementor-element-8cbf9aa e-con-full e-flex e-con e-child\" data-id=\"8cbf9aa\" data-element_type=\"container\" data-settings=\"{&quot;_ha_eqh_enable&quot;:false}\">\n\t\t\t\t<div class=\"elementor-element elementor-element-77ae13d elementor-widget elementor-widget-heading\" data-id=\"77ae13d\" data-element_type=\"widget\" data-widget_type=\"heading.default\">\n\t\t\t\t<div class=\"elementor-widget-container\">\n\t\t\t<style>\/*! elementor - v3.22.0 - 24-06-2024 *\/\n.elementor-heading-title{padding:0;margin:0;line-height:1}.elementor-widget-heading .elementor-heading-title[class*=elementor-size-]>a{color:inherit;font-size:inherit;line-height:inherit}.elementor-widget-heading .elementor-heading-title.elementor-size-small{font-size:15px}.elementor-widget-heading .elementor-heading-title.elementor-size-medium{font-size:19px}.elementor-widget-heading .elementor-heading-title.elementor-size-large{font-size:29px}.elementor-widget-heading .elementor-heading-title.elementor-size-xl{font-size:39px}.elementor-widget-heading .elementor-heading-title.elementor-size-xxl{font-size:59px}<\/style><h1 class=\"elementor-heading-title elementor-size-default\">Apresenta\u00e7\u00e3o <\/h1>\t\t<\/div>\n\t\t\t\t<\/div>\n\t\t\t\t<\/div>\n\t\t<div class=\"elementor-element elementor-element-b1ca37f e-flex e-con-boxed e-con e-child\" data-id=\"b1ca37f\" data-element_type=\"container\" data-settings=\"{&quot;_ha_eqh_enable&quot;:false}\">\n\t\t\t\t\t<div class=\"e-con-inner\">\n\t\t\t\t<div class=\"elementor-element elementor-element-2b124f1 elementor-widget elementor-widget-text-editor\" data-id=\"2b124f1\" data-element_type=\"widget\" data-widget_type=\"text-editor.default\">\n\t\t\t\t<div class=\"elementor-widget-container\">\n\t\t\t<style>\/*! elementor - v3.22.0 - 24-06-2024 *\/\n.elementor-widget-text-editor.elementor-drop-cap-view-stacked .elementor-drop-cap{background-color:#69727d;color:#fff}.elementor-widget-text-editor.elementor-drop-cap-view-framed .elementor-drop-cap{color:#69727d;border:3px solid;background-color:transparent}.elementor-widget-text-editor:not(.elementor-drop-cap-view-default) .elementor-drop-cap{margin-top:8px}.elementor-widget-text-editor:not(.elementor-drop-cap-view-default) .elementor-drop-cap-letter{width:1em;height:1em}.elementor-widget-text-editor .elementor-drop-cap{float:left;text-align:center;line-height:1;font-size:50px}.elementor-widget-text-editor .elementor-drop-cap-letter{display:inline-block}<\/style>\t\t\t\t<p><a href=\"https:\/\/cemaa.webhostusp.sti.usp.br\/?page_id=1768\"><img decoding=\"async\" class=\"alignright wp-image-1746\" src=\"https:\/\/cemaa.webhostusp.sti.usp.br\/wp-content\/uploads\/2024\/02\/en_gb.gif\" alt=\"\" width=\"30\" height=\"20\" \/><\/a> <a href=\"https:\/\/cemaa.webhostusp.sti.usp.br\/?page_id=1781\"><img decoding=\"async\" class=\"alignright wp-image-1745\" src=\"https:\/\/cemaa.webhostusp.sti.usp.br\/wp-content\/uploads\/2024\/02\/es_es.gif\" alt=\"\" width=\"30\" height=\"20\" \/><\/a><\/p>\t\t\t\t\t\t<\/div>\n\t\t\t\t<\/div>\n\t\t\t\t\t<\/div>\n\t\t\t\t<\/div>\n\t\t\t\t<\/div>\n\t\t<div class=\"elementor-element elementor-element-0c7b60b e-con-full e-flex e-con e-parent\" data-id=\"0c7b60b\" data-element_type=\"container\" data-settings=\"{&quot;background_background&quot;:&quot;classic&quot;,&quot;_ha_eqh_enable&quot;:false}\">\n\t\t\t\t<div class=\"elementor-element elementor-element-3d25079 elementor-widget elementor-widget-text-editor\" data-id=\"3d25079\" data-element_type=\"widget\" data-widget_type=\"text-editor.default\">\n\t\t\t\t<div class=\"elementor-widget-container\">\n\t\t\t\t\t\t\t<p style=\"text-align: justify;\">\u00a0 \u00a0O Centro de Estudos Mesoamericanos, Amaz\u00f4nicos e Andinos foi fundado em meados do ano 2000, por estudantes de p\u00f3s-gradua\u00e7\u00e3o do Museu de Arqueologia e Etnologia (MAE) e do Departamento de Hist\u00f3ria da Faculdade de Filosofia, Letras e Ci\u00eancias Humanas (DH\/FFLCH) da Universidade de S\u00e3o Paulo (USP). Desde ent\u00e3o, o objetivo principal do Centro tem sido viabilizar e incentivar em nosso pa\u00eds a realiza\u00e7\u00e3o e o crescimento das pesquisas acad\u00eamicas sobre os povos ind\u00edgenas da Mesoam\u00e9rica e dos Andes Centrais, especialmente dos per\u00edodos pr\u00e9-hisp\u00e2nico e colonial, bem como promover o di\u00e1logo dessas pesquisas com as que se dedicam ao estudo da cultura e hist\u00f3ria de popula\u00e7\u00f5es ind\u00edgenas de outras regi\u00f5es do continente americano ou de outros per\u00edodos hist\u00f3ricos. Durante essas duas d\u00e9cadas de atua\u00e7\u00e3o, esse di\u00e1logo foi muito f\u00e9rtil, especialmente com os estudos sobre os povos ind\u00edgenas da Amaz\u00f4nia, que ganharam volume e destaque nas atividades do CEMA. Simultaneamente, dentro do pr\u00f3prio CEMA, os estudos voltados aos povos ind\u00edgenas dos Andes Centrais e da Mesoam\u00e9rica sempre refletiram criticamente sobre as limita\u00e7\u00f5es da tradicional divis\u00e3o da Am\u00e9rica ind\u00edgena em \u00e1reas culturais quando pensadas como fronteiras r\u00edgidas e intranspon\u00edveis. O resultado desse processo \u00e9 que a partir de 2023 o Centro de Estudos Mesoamericanos e Andinos da USP resolveu refletir essa realidade interna em sua denomina\u00e7\u00e3o, passando a se chamar Centro de Estudos Mesoamericanos, Amaz\u00f4nicos e Andinos ou CEMAA.<\/p><p style=\"text-align: justify;\">\u00a0 \u00a0 Al\u00e9m dos estudos e pesquisas de seus membros, o CEMAA realiza diversas atividades abertas a todas as pessoas interessadas, entre as quais merecem destaque os Col\u00f3quios <em>Hist\u00f3ria, Arqueologia e Antropologia da Am\u00e9rica Ind\u00edgena<\/em>, o\u00a0<em>Conversas do CEMAA<\/em>\u00a0e os grupos de estudo de (1) C\u00f3dices mesoamericanos e l\u00edngua nahuatl, (2) L\u00edngua qu\u00e9chua, (3) Hist\u00f3ria e Antropologia ind\u00edgenas e (4) Andes e Amaz\u00f4nia. Mais informa\u00e7\u00f5es sobre as atividades realizadas ou em realiza\u00e7\u00e3o podem ser obtidas, respectivamente, nas se\u00e7\u00f5es <a href=\"https:\/\/cemaa.webhostusp.sti.usp.br\/?page_id=61\"><u>Hist\u00f3rico<\/u><\/a>\u00a0e <a href=\"https:\/\/cemaa.webhostusp.sti.usp.br\/\"><u>Atividades<\/u><\/a> deste site.<\/p><p style=\"text-align: justify;\">\u00a0 \u00a0Atualmente, o CEMAA \u00e9 coordenado por <span style=\"font-weight: 400;\">Cristiana Bertazoni Martins, Eduardo Natalino dos Santos, <\/span><span style=\"font-weight: 400;\">Guilherme Bianchi Moreira e Vinicius Soares de Lima<\/span>. Al\u00e9m disso, o CEMAA\/USP conta com a participa\u00e7\u00e3o de outros membros-efetivos, bem como com a coopera\u00e7\u00e3o de pesquisadores, professores-colaboradores, pesquisadores-visitantes e estagi\u00e1rios. A rela\u00e7\u00e3o desses imprescind\u00edveis parceiros e os seus curr\u00edculos podem ser vistos na se\u00e7\u00e3o <a href=\"https:\/\/cemaa.webhostusp.sti.usp.br\/?page_id=57\"><span style=\"text-decoration: underline;\">Produ\u00e7\u00e3o Cient\u00edfica<\/span><\/a>.<\/p>\t\t\t\t\t\t<\/div>\n\t\t\t\t<\/div>\n\t\t\t\t<\/div>\n\t\t\t\t<\/div>\n\t\t","protected":false},"excerpt":{"rendered":"<p>Apresenta\u00e7\u00e3o \u00a0 \u00a0O Centro de Estudos Mesoamericanos, Amaz\u00f4nicos e Andinos foi fundado em meados do ano 2000, por estudantes de p\u00f3s-gradua\u00e7\u00e3o do Museu de Arqueologia e Etnologia (MAE) e do Departamento de Hist\u00f3ria da Faculdade de Filosofia, Letras e Ci\u00eancias Humanas (DH\/FFLCH) da Universidade de S\u00e3o Paulo (USP). Desde ent\u00e3o, o objetivo principal do Centro [&hellip;]<\/p>\n","protected":false},"author":1,"featured_media":0,"parent":0,"menu_order":0,"comment_status":"closed","ping_status":"closed","template":"","meta":{"footnotes":""},"_links":{"self":[{"href":"https:\/\/cemaa.webhostusp.sti.usp.br\/index.php?rest_route=\/wp\/v2\/pages\/53"}],"collection":[{"href":"https:\/\/cemaa.webhostusp.sti.usp.br\/index.php?rest_route=\/wp\/v2\/pages"}],"about":[{"href":"https:\/\/cemaa.webhostusp.sti.usp.br\/index.php?rest_route=\/wp\/v2\/types\/page"}],"author":[{"embeddable":true,"href":"https:\/\/cemaa.webhostusp.sti.usp.br\/index.php?rest_route=\/wp\/v2\/users\/1"}],"replies":[{"embeddable":true,"href":"https:\/\/cemaa.webhostusp.sti.usp.br\/index.php?rest_route=%2Fwp%2Fv2%2Fcomments&post=53"}],"version-history":[{"count":42,"href":"https:\/\/cemaa.webhostusp.sti.usp.br\/index.php?rest_route=\/wp\/v2\/pages\/53\/revisions"}],"predecessor-version":[{"id":6132,"href":"https:\/\/cemaa.webhostusp.sti.usp.br\/index.php?rest_route=\/wp\/v2\/pages\/53\/revisions\/6132"}],"wp:attachment":[{"href":"https:\/\/cemaa.webhostusp.sti.usp.br\/index.php?rest_route=%2Fwp%2Fv2%2Fmedia&parent=53"}],"curies":[{"name":"wp","href":"https:\/\/api.w.org\/{rel}","templated":true}]}}